)/(-48)?
2, 67
Suppose 4*g - 6 = i + 8*g, -6 = 2*i + 5*g. Suppose -2340 = i*t - 12*t. List the prime factors of t.
2, 3, 13
Suppose 56*c - 2458157 = 1691723. List the prime factors of c.
5, 14821
Let k(i) = -i + 1. Let p(z) = -4*z + 7. Let u(c) = -3*k(c) + p(c). Let f be u(4). Suppose f = 7*y - 102 + 25. List the prime factors of y.
11
Let o = 42 + -45. Let q be (-10)/(-15)*(6/4 + o). List the prime factors of (2 - q)/(11/319).
3, 29
Let d = -30749 + 50648. What are the prime factors of d?
3, 11, 67
List the prime factors of 9013 + -7 + 11 + 14.
11, 821
Suppose a + 3*o + 2*o = 13, 3*a + o - 25 = 0. Let c = a + -6. Suppose s + c*s + 12 = 0, 5*n - 3*s - 412 = 0. List the prime factors of n.
2, 5
Suppose -18*u + 19*u + 110 = 0. Let g be 1/5 - 7898/u. Suppose -3*i + 3*m + g = -54, 0 = m + 2. List the prime factors of i.
2, 5
What are the prime factors of ((-40)/210*3)/((-2414616)/603652 + 4)?
2, 21559
Let u be -1 + -6*8/(-6). Suppose -u*y + 12*y = 15. Suppose -3*l + 2*l - 22 = -2*t, -y*l = -4*t + 46. List the prime factors of t.
2, 5
Suppose -35*f + 288*f = -2464880 + 9922055. List the prime factors of f.
3, 5, 131
Let p(o) = -o + 17. Let g be p(6). Suppose -5*l + 36 = g. Suppose 5*j + 5*b - 25 = 0, -4*j + 3*b - l*b + 24 = 0. List the prime factors of j.
7
Let l be ((-2)/6)/((-20)/45)*8. Let o = l - -381. What are the prime factors of o?
3, 43
Suppose 117*v - 385*v + 16063652 = 0. List the prime factors of v.
11, 5449
Let g(c) = -c**3 - 10*c**2 + 5*c - 24. Let h be g(-12). Let f(x) = -5*x - 90*x**2 - 4 + h*x**2 + 166*x**2 - 12*x**2. List the prime factors of f(-1).
269
Suppose 4*m = -4*i + 24, -5*i + 2*m = -m - 62. Let z be (-4)/(-10)*i/12*12. Suppose z*s - 247 = 205. What are the prime factors of s?
113
Suppose -3*x = 15, -2*z - 4*x - 34 = -3*z. Suppose 6*m = 13*m + z. What are the prime factors of m/8 + (4158/24 - -4)?
3, 59
Suppose 7*j - 323 = -302. Suppose -2*b - 1998 = -4*w, -160 + 657 = w - j*b. What are the prime factors of w?
2, 5
Suppose 331*k = 350*k - 36898. List the prime factors of k.
2, 971
Let w(f) = 86*f**2 + 12*f + 20. Suppose 2*y - d - 6 = d, -2*y - 14 = 2*d. What are the prime factors of w(y)?
2, 5, 17
Suppose 5*p = -k + 22651, 12*p - 18104 = 8*p - 5*k. List the prime factors of p.
23, 197
Let w = 4125 - 3376. What are the prime factors of w?
7, 107
Let d = 639 - 631. List the prime factors of 0 + 5 - (d + 1161)/(-1).
2, 587
Let h(x) = 235*x**2 - 11. Let c(y) = 235*y**2 - y - 10. Let u(d) = 6*c(d) - 5*h(d). List the prime factors of u(-1).
2, 59
Let g(h) = 85*h**2 + 13*h + 17. Let l be g(-6). Suppose -24*n = -l + 383. What are the prime factors of n?
109
Suppose 58*l + 85896 = 67*l. Suppose -22*o + l = -12500. What are the prime factors of o?
2, 3, 167
Suppose 0 = -t + 4*t - 3. Let h(x) = -3*x - 15 - 4 + 2 + t. What are the prime factors of h(-14)?
2, 13
Let h(q) be the first derivative of 11*q**3 + 37*q**2/2 + 23*q + 59. List the prime factors of h(-7).
1381
Suppose 35*t - 100 - 110 = 0. List the prime factors of t/4*2976/36.
2, 31
Suppose 60738 = 44*v + 10490. Let m = 2044 - v. What are the prime factors of m?
2, 11, 41
Let q(d) = 27*d**2 + 505*d + 26. What are the prime factors of q(25)?
2, 3, 7, 19, 37
Suppose -3*p + 9 = -3*a, -9 = a - 4*p + 3. List the prime factors of -1*(2 - (403 + a)).
401
Let p be (3 - 2 - -3) + 0. Suppose 7*k = -a + p*k + 15, 0 = 2*a - 3*k - 3. What are the prime factors of (-342)/(-4)*a/9?
3, 19
Let o be (1*(-8)/(-7))/((-2)/(-7)). Suppose p - 220 = 2*w, o*p + 5*w = 795 + 137. What are the prime factors of p?
2, 3, 19
Let s(q) = -120*q + 118*q - 14 + 75*q. What are the prime factors of s(5)?
3, 13
Let g be -10 + (-16)/(-4) + 8. Suppose -3 = 3*y, -2*y - 16 = -g*w - 0. What are the prime factors of w?
7
List the prime factors of 2207*(-1*(-9 + 13) - -5).
2207
Suppose -17720 = -19*d - 37*d + 1203752. What are the prime factors of d?
2, 7, 19, 41
Let l(b) = -b + 5. Let i be l(5). Suppose 5*f - 182 - 1358 = i. Suppose d - 83 = 3*c - 4*c, -4*c + 4*d = -f. List the prime factors of c.
2, 5
Suppose 0 = 18*a - 20166 + 3048. List the prime factors of a.
3, 317
Let k(c) = 129*c - 9. Let o be k(2). Let r = o - 349. Let w = -70 - r. List the prime factors of w.
2, 3, 5
Let c = -17420 - -27467. What are the prime factors of c?
3, 17, 197
Let b be (38/14 - (-8)/28) + 1. Suppose -b*c - 69 = 23. Let r = 34 + c. List the prime factors of r.
11
Suppose 418*b = 393*b + 204750. List the prime factors of b.
2, 3, 5, 7, 13
Suppose -20*p = -17*p - 12. Suppose 4*y = 298 + 366. Suppose -u - 10 = -3*u, y = p*l - 2*u. List the prime factors of l.
2, 11
Let z be -3 + 2 + -1 + (3 - -92). Let m = 94 - 55. Suppose m + z = 4*u. List the prime factors of u.
3, 11
Let h = 16209 - -53355. What are the prime factors of h?
2, 3, 11, 17, 31
List the prime factors of 2/2 + (87206 - (-16 - 2)).
3, 5, 1163
Let d(s) = -42*s - 16. Let h = -293 + 291. List the prime factors of d(h).
2, 17
List the prime factors of (22760/(-15))/((-2305)/255 + 9).
2, 17, 569
Suppose 6*p - 11*p = -5. What are the prime factors of (0/(-2) - p)/(56/(-11032))?
197
Let a(g) = 3137*g - 5997. List the prime factors of a(7).
2, 23, 347
Suppose -135*w - 413216 = -6778061. List the prime factors of w.
47147
Let a(y) = 7*y**3 - 15*y**2 + 20*y + 29. Let v(m) = -12*m**3 + 28*m**2 - 39*m - 57. Let j(w) = -5*a(w) - 3*v(w). What are the prime factors of j(10)?
2, 37
Suppose -4*h + 156540 = 5*q - 46320, -h - 202860 = -5*q. List the prime factors of q.
2, 3, 7, 23
Let k be 250515/456 - 3/8. Suppose 3150 = -k*x + 554*x. List the prime factors of x.
2, 3, 5, 7
Suppose 2*p + 0*h + 24 = 3*h, 2*p - 5*h = -20. Let n(j) = 4*j**3 + 64*j**2 + 37*j + 27. What are the prime factors of n(p)?
2, 3, 31
Let m be 12*(-1)/(-1 + -1). Suppose 2*j - w + 12 = 0, 5*w - 9 - 12 = -3*j. What are the prime factors of m/j - (-216 - 1)?
5, 43
List the prime factors of 2/(-6) - ((-18)/(-54))/((-4)/6172).
2, 257
Let v(r) = -11*r**2 + r + 7. Let m be v(3). Let y = m + 171. Let q = y - 4. What are the prime factors of q?
2, 3, 13
Let v be (-154)/21*-6 + -6. Suppose 2*x - 3*p = 743, -v*p + 5 = -43*p. What are the prime factors of x?
2, 5, 37
Let b = -255 - -336. What are the prime factors of (384/(-2))/(b/(-216))?
2
Let w be (6/4)/((7/(-22))/(-7)). Let l be 2 + (-142)/(-6) + 11/w. What are the prime factors of (5 - -1)/(4/l)?
3, 13
Suppose 0 = -409*i + 421*i - 30228. List the prime factors of i.
11, 229
Let c be (-100)/(-8) + (9 - (-78)/(-12)). Suppose -m = -4*m - 87. Let w = c - m. List the prime factors of w.
2, 11
Let w(r) = 15*r + 6. Suppose j + 5 = -7. Let f be 7 + (-5)/((-20)/j). List the prime factors of w(f).
2, 3, 11
Suppose 0 = 142*n - 802743 - 433225. What are the prime factors of n?
2, 17
Suppose 2*o - 6*o = -1088. Let a = o + -172. Suppose 3*z - 38 = a. List the prime factors of z.
2, 23
Suppose -1432*t + 3688167 = -1313*t. What are the prime factors of t?
3, 10331
Let z be 3/2*288/27. What are the prime factors of 1094/z + (-147)/392?
2, 17
Suppose -38015 = -4*c - b, -4*c + 47525 = c - 5*b. What are the prime factors of c?
2, 3, 11
Let o(g) = 216*g + 2028. What are the prime factors of o(-9)?
2, 3, 7
Let q = 266 - 125. Let f = q + -82. Let y = f - 30. What are the prime factors of y?
29
Let t(y) = 17*y + 49. Let h be t(-3). List the prime factors of ((-86)/4)/(17/h - -8).
43
Let q(w) = 34*w**2 - 14. Let s be q(-3). Let d = s - 35. What are the prime factors of d?
257
Suppose 57*l - 25*l + 46*l = 2461524. List the prime factors of l.
2, 31, 509
Let n be (-60)/(-4)*10/30. Suppose -968 - 677 = -n*m. What are the prime factors of m?
7, 47
Let k(q) = -q**2 + 32*q - 55. Suppose -19*u + 331 = -182. What are the prime factors of k(u)?
2, 5
Suppose 6 = -2*p, 4*w - 2*p - 66 = -0*w. Let g(s) = -291*s**2 + 150*s**2 + 4 - 15*s + 142*s**2. List the prime factors of g(w).
2
Suppose 3*s - 14 = -5. Suppose -6 = -2*c, -2*y + 0*c = -s*c - 1623. Suppose 4*w = -4*w + y. What are the prime factors of w?
2, 3, 17
Let k(p) = -p**2 + 11*p - 23. Let y be k(3). List the prime factors of y - (-35 + (6 - 3)).
3, 11
Suppose 172*a - 36565 = -4*y + 175*a, 3*y + 3*a - 27408 = 0. What are the prime factors of y?
13, 19, 37
Let z = -109 - -123. Let i(a) = a**2 - 15*a + 24. Let t be i(z). Suppose r - 58 = t. List the prime factors